(g) = 20*g**2 + 257*g + 768. What is the remainder when v(-3) is divided by x?
12
Suppose 61*o + 306 = 70*o. Calculate the remainder when 31044/132 - 4/22 is divided by o.
31
Let z be ((-5)/(-3))/((-6)/(-36)). Suppose 12*v - 28 = z*v. What is the remainder when 38 is divided by v?
10
Let t = -93 - -120. Let w = 10 - 8. What is the remainder when t is divided by w?
1
Let x(k) = -5*k - 5. Let d be x(-3). Let s = d - -2. What is the remainder when 44 is divided by s?
8
Let j(n) = n**3 - 7*n**2 + 6*n + 5. Let b be 2/6 - (-64)/24. Suppose -4*o - 3 = -0*o - b*d, -d = 4*o - 17. What is the remainder when j(6) is divided by o?
2
Let f(p) = -p + 1. Calculate the remainder when 187 is divided by f(-18).
16
Let d be (-4)/(-14) + 104/28. Let b(p) = p**3 - 5*p**2 + 3*p + 5. Calculate the remainder when (-3)/((-138)/88) - (-344)/3956 is divided by b(d).
0
Suppose -z - 5*q = 3, 4*z + 24 = -2*q + 48. Suppose 0 = -z*f + 10*f - 48. What is the remainder when 0/(-1) + 1 - -46 is divided by f?
15
Suppose -583*x + 586*x - 1020 = -5*n, x = -4*n + 823. Calculate the remainder when n is divided by 44.
31
Let m = -1 + 2. Let x(u) = -3 - 5*u + 6*u - 3*u**2 + 2*u - u**3 + 0*u**2. Calculate the remainder when x(-4) is divided by m.
0
Let p be 0 + (1 - 1 - (-6 + 5)). Let d = 44 + p. What is the remainder when 222 is divided by d?
42
Let a = -490 + 522. What is the remainder when 117 is divided by a?
21
Suppose 8 + 8 = -a - 2*z, -3*z - 36 = 3*a. Let d(q) = q**2 + 8*q + 10. What is the remainder when 36 is divided by d(a)?
6
Suppose 3*v = -v + 4. Let m = -43 + 72. Calculate the remainder when m is divided by v/(2/26) - -2.
14
Suppose 0 = 264*w - 260*w + 176. Let f = w - -52. Suppose -12 = -3*z + 3*r, 1 = z - 4*r - 6. What is the remainder when f is divided by z?
2
What is the remainder when 64 is divided by -2*((-2)/1)/((-124)/(-589))?
7
Let a(k) = 13*k**2 + 15*k + 13. Calculate the remainder when 262 is divided by a(-3).
7
Let l(d) = -4*d - 25. Let h(v) be the third derivative of -v**4/8 - 7*v**3/6 - 2*v**2. Calculate the remainder when l(-16) is divided by h(-9).
19
Let n(v) = 2*v**2 + 39*v - 382. What is the remainder when n(-27) is divided by (-4)/10 - 47/(-5)?
5
Let m = -4 + 2. Let h be m + 1 + (5 - 1). Calculate the remainder when 21 is divided by (-20)/(-4) + h*1.
5
Suppose 0 = -5*t - 15, -5*b + 3*t + t + 222 = 0. Let p = -23 + b. Let n = -28164 + 28219. What is the remainder when n is divided by p?
17
Let g(o) = 2*o**2 + 16*o + 14. Calculate the remainder when 109 is divided by g(-8).
11
Let t(o) = -5*o**3 - 6*o**2 - 1. Let c be t(-3). Let s = c + 36. What is the remainder when s is divided by 17?
14
Let l(n) = 48*n - 3. Let o(s) = 4*s**3. Let r be o(-1). Let c be 2/(0 - r - 2). What is the remainder when l(c) is divided by 12?
9
Let c(j) = -20*j + 71. What is the remainder when c(-3) is divided by 22?
21
Suppose 4*i - 226 = -n, 0 = 3*i + 31*n - 29*n - 172. What is the remainder when 3694 is divided by i?
54
Let n(i) = -3*i**3 + i**2 + i. Let y be 0 - (0 + 2 + -5). Suppose y*c + 5*x - 24 = 0, -4*x = -5*c + 1 + 2. Calculate the remainder when c is divided by n(-1).
0
Let s(v) = 3*v**2 - 10*v - 26. Let r(f) = f**2 + f - 1. Let h(t) = 2*r(t) - s(t). What is the remainder when h(11) is divided by 9?
8
Let u = -793 + 817. What is the remainder when 225 is divided by u?
9
Suppose -5*b + 21 = 2*x, -12 = -b + 2*b - 5*x. Suppose -13 = -r - v, 3*r - b*v - 50 = 1. Calculate the remainder when 39 is divided by r.
9
What is the remainder when 439 is divided by (260/(-117))/((-3)/54)?
39
Suppose -20 = 5*b, 5*x - 40*b + 41*b - 196 = 0. Calculate the remainder when 236 is divided by x.
36
Let p = -362 + 360. Let o(n) be the third derivative of -n**5/60 - n**4/8 - n**3/6 + n**2. Calculate the remainder when 2 is divided by o(p).
0
Let p = -2 + -28. What is the remainder when 46 is divided by (2/9*6)/((-5)/p)?
6
Let c = 41 + -21. Suppose -22*f = 412 - 1180 - 838. What is the remainder when f is divided by c?
13
Let p(w) = 2*w**3 + 5*w**2 - 3*w + 6. Let t be p(-3). Suppose -6*x + 84 = t*x. Let j(q) = q**2 + 4*q - 2. What is the remainder when j(3) is divided by x?
5
Suppose 4*t + t - 250 = 0. Suppose 0*b = -5*b + t. What is the remainder when 29 is divided by b?
9
Suppose -a = 3*a - 12. Suppose -n = -5*d - 20, 0 = 3*n + a*d - 24 - 0. What is the remainder when (-6)/(-2) - (-17 - 7) is divided by n?
7
Suppose -3*u - 10 = -8*u. Calculate the remainder when (-169)/(-26) - (-3)/(-2) is divided by u.
1
Let x(c) = 119*c - 1150. Let v = 8 + 27. What is the remainder when x(12) is divided by v?
33
Let g = 357 - 316. What is the remainder when 55 is divided by g?
14
Suppose 11*j = 26*j - 60. What is the remainder when 18 is divided by j?
2
Suppose 4*d - 2*o - 116 = 0, -5*o + 44 - 172 = -4*d. What is the remainder when 106 is divided by d?
25
Let q = 197 - 184. Calculate the remainder when 63 is divided by q.
11
Let k = 7 - 5. What is the remainder when (-50)/(-1 - k/(-6)) is divided by 19?
18
Let z(h) = -h**2. Let c be z(0). Let j(p) = 4*p**2 + 9*p + 13. Let g be j(-2). Let d = g + c. Calculate the remainder when 30 is divided by d.
8
Let v(u) = u**3 + 8*u**2 - 9*u + 4. Let t be v(-9). Suppose -1620 = 3*x - 7*x. Suppose -x = -t*r - 125. What is the remainder when r is divided by 18?
16
Let t(q) = q**3 + 28*q**2 + 51*q + 32. Calculate the remainder when t(-26) is divided by 7.
2
Let j = 12 + -3. Let a be (-4)/(-16) + j/(-4). Calculate the remainder when 38 is divided by 4/3*(-15)/a.
8
Suppose -2*k - 7 = -5*g, 0 = -3*k - 4*g - 7 + 31. Suppose k*u - 237 = l, u - 4*l - 11 = 52. What is the remainder when u is divided by 10?
9
Let k(x) = -13*x + 131. Calculate the remainder when 256 is divided by k(5).
58
Suppose 0 = 3*v - 5*m - 11, 13*v = 14*v - 4*m + 1. What is the remainder when 398 is divided by v?
6
Suppose 0*j + j - 60 = 0. Let h(k) = -61*k - 4431. What is the remainder when j is divided by h(-73)?
16
Suppose -8*i + 4*i + 68 = 0. Let o(u) = u**2 - 4. Let v be o(3). Suppose p - 16 = -p + 4*j, v*p + j - 29 = 0. Calculate the remainder when i is divided by p.
5
Let f = -104 - -100. Let s(v) = 2*v**2 + 6*v + 5. Let b = 44 - 21. What is the remainder when b is divided by s(f)?
10
Calculate the remainder when 683 is divided by (192/(-28))/(-4)*(-42)/(-4).
17
Let q be 6/(6 + -4) - -1. What is the remainder when 29 is divided by 13 + q + -2*1?
14
Let l = 19 - 2. What is the remainder when -33*(3/(-2) + 1)*(-470)/(-235) is divided by l?
16
Suppose -608*z + 614*z = 42. What is the remainder when 601 is divided by z?
6
Let p(i) = -3*i**3 - 3*i**2 - 3*i - 2. Suppose -52*v = -51*v + 3*y - 83, 4*y = -16. What is the remainder when v is divided by p(-2)?
15
Suppose 5*r - 5*x = -10, 7 = -r + 2*x + 3. Suppose -t + 2*g + 4 = r, -g - g = t - 24. Calculate the remainder when t is divided by 4.
2
Suppose 3*w + 140*g = 145*g + 129, w = -2*g + 43. Calculate the remainder when 1375 is divided by w.
42
Let j be (-2)/1*(-15)/10. Suppose 3*b - j - 3 = 0. Calculate the remainder when 26 is divided by (b/(-2))/(7/(-63)).
8
Let t(m) = -69 + 159*m - 74*m + 17 - 71*m. Calculate the remainder when t(12) is divided by 20.
16
Suppose -3*m - 15 = -150. Suppose -22 = o - 109. Calculate the remainder when o is divided by m.
42
Suppose 0 = 80*g - 78*g - 2582. What is the remainder when g is divided by 76?
75
Suppose 0*c + 18 = 4*d - c, 0 = -c - 2. Suppose 13 = -d*h + 157. Calculate the remainder when 67 is divided by h.
31
Suppose 0 = 31*p - 15*p - 560. Calculate the remainder when 77 is divided by p.
7
Suppose -4*r - 19 = -3*r. Let w = 2 - r. Calculate the remainder when w is divided by 3.
0
Let s(d) = -d**3 - 12*d**2 + 14*d + 35. What is the remainder when 262 is divided by s(-13)?
20
Let n(k) = -4*k - 1. Suppose -4*t = 5*h - 85, 3*t + 21 - 61 = h. What is the remainder when n(-7) is divided by t?
12
Suppose 2*s = 4*p + 16, 4*s + 5*p = -9 - 24. What is the remainder when 23 is divided by 80/15 + (-2)/6*s?
5
Let u = -30 - -66. Suppose -213 = 4*h - 7*h. What is the remainder when h is divided by u?
35
Suppose 0 = -5*h - 2*v + 296, -200 = -4*h + 3*v + 23. What is the remainder when 346 is divided by h?
56
Let a = 12 - -1. Let g(y) = -y**3 + 37. Suppose 14*s = -0*s. Calculate the remainder when g(s) is divided by a.
11
Let q = 